se -3*c + 0*c - 168 = 0. Suppose 3*t = 5*t + 18. Let u = t - c. Is u a composite number?
False
Let z(t) = 5*t**3 + 8*t**2 - 3*t + 11. Let q(c) = -4*c**3 - 8*c**2 + 2*c - 10. Let d(u) = -6*q(u) - 5*z(u). Is d(6) a composite number?
True
Is ((-1758)/18)/(2/(-6)) composite?
False
Let z(g) = 249*g**2 + g + 3. Is z(-1) a prime number?
True
Suppose 4 - 7 = -l. Let k be (0 - (-64)/(-6))*l. Let v = -23 - k. Is v composite?
True
Let k be (-2)/(1 + 1) + 7. Suppose -2*d - 276 = -k*d. Is d composite?
True
Suppose 24 = 4*z + z + 4*u, -3*z + 13 = u. Suppose -i = -n + 14, z*i - 17 - 60 = -3*n. Is n a prime number?
True
Suppose 4*k - 3*z = -27, k = 6*k + z + 29. Let m(x) = x**2 + 5*x - 3. Let q be m(k). Suppose -4*u + b + 29 = 0, 0*u - q*u + 20 = b. Is u a composite number?
False
Let d be 12*(1/(-3))/(-1). Suppose i - d*i + 354 = 0. Let v = i + -79. Is v a composite number?
True
Suppose -3*k = -2*s + 6, k = 3*s - k + 1. Let w = s - -3. Suppose 2*q - 4*t + w*t = 438, 3*q - 629 = -t. Is q a prime number?
True
Suppose 17 + 226 = b. Suppose -5*g - 20 = -5*p, 1 + 5 = 3*p + 3*g. Suppose 0 = -p*v + b + 138. Is v a composite number?
False
Suppose 0 = -5*l - 0*l + 50. Is (-4)/10 - (-344)/l a composite number?
True
Let r = 1088 - 601. Is r prime?
True
Let v = -575 - -1863. Suppose 5*r - v = 367. Suppose -4*b + 2*a - 3*a + 311 = 0, -3*a - r = -4*b. Is b a prime number?
True
Let i = 7 - 5. Suppose i*q - 16 = -2*q. Suppose q*h + d = 311, 3*h + 3*d - 232 = 2*d. Is h a composite number?
False
Suppose 6*q = 4*q - 276. Suppose -3*v = -4*v + 217. Let p = q + v. Is p a prime number?
True
Suppose -3*l - 25 = -3*u - 4*l, -5*u = -4*l - 36. Suppose -5*f - 5 = 0, -228 = -3*w - f + u. Is w a prime number?
True
Let b(d) = 46*d**2 - d - 1 + 25*d**2 + 56*d**2. Is b(-1) composite?
False
Let i = -223 + 350. Is i a prime number?
True
Is (0 + 68/8)*22 prime?
False
Let q(x) = 268*x - 13. Is q(3) composite?
True
Suppose n - y + 10 = 1276, -2*y = -5*n + 6342. Suppose -4*p - 450 = -n. Is p a prime number?
False
Suppose -n + 4 + 85 = 0. Suppose 0 = -5*l - 25, -2*l = -2*i + n + 31. Is i a prime number?
False
Let r(q) = -4*q**2 + 3*q + 1. Let w be r(-3). Let u = -125 - w. Let l = -2 - u. Is l prime?
True
Let k(r) = 6*r**2 + 8*r + 1. Is k(8) a prime number?
True
Suppose -3*b + 15 = -y, 2*b - 16 + 5 = y. Suppose 2*r + 50 = 5*k - r, b*k - 43 = 3*r. Is k prime?
True
Let f be (-3 + 9)/((-4)/(-90)). Suppose 0 = -2*x + f + 91. Is x a composite number?
False
Is (-897)/(-6) - (-2)/(-4) composite?
False
Let n(s) = -s**2 + 1981. Is n(0) composite?
True
Let p(c) = c + 2. Let o be p(3). Suppose b - 24 - 55 = 4*a, o*a = b - 79. Is b composite?
False
Let x(l) be the third derivative of l**5/10 - l**4/12 - l**3/6 + 4*l**2. Let s be x(-1). Suppose 2*i + 1055 = s*i. Is i composite?
False
Let f = 1 + 2. Suppose -f*r - 5*w + 23 = 0, -4*r - 2*w + 20 = -6*w. Is r prime?
False
Let z = -15 - -11. Is 1*37 + z + 5 prime?
False
Let x(c) = -16*c - 3. Let t be x(-3). Suppose -t = -r - 0*r. Suppose y + r = 4*y. Is y composite?
True
Suppose -5*p + 3*p = -110. Let a = 108 - p. Is a prime?
True
Let s(a) = a**2 - a + 14. Let k be s(14). Suppose u - k = 111. Is u prime?
True
Suppose 804 = 4*r - 0*r. Suppose 0 = 4*z - z - r. Is z prime?
True
Suppose -25 = 4*b - 1. Is (-524)/b*45/30 prime?
True
Is (1 - 2 - -3) + 437 composite?
False
Suppose -165 = -5*g - 3*d, g + 2*d = 4*g - 99. Is g a composite number?
True
Let s = 4 - 2. Suppose 2*d + 0*d = s*y - 128, -5*d - 336 = 3*y. Let z = d + 269. Is z a prime number?
False
Suppose -4*i = -0 + 16. Let p be (i/10)/((-1)/10). Suppose 5*o - 19 = p*o. Is o a prime number?
True
Let u(b) = b. Let z be u(2). Let g be 7/z + (-5)/10. Suppose 0 = g*c - m - 65, 0 = 3*c - 0*m - 2*m - 61. Is c a composite number?
False
Let b be -1 + 4*11/2. Let z be (-14)/b - 11/(-3). Suppose h = z + 28. Is h prime?
True
Let v(i) = i + 5. Let c be v(-6). Let y be c*6/3*4. Let t(r) = r**2 - 2*r - 3. Is t(y) composite?
True
Let q = -96 - -165. Is q a composite number?
True
Suppose 13 = 3*t - 5. Suppose 2*j - t - 4 = 0. Suppose -6*b + 2*b + 613 = -j*r, -2*b = r - 317. Is b prime?
True
Suppose -4*i = -5*t - 28, t = -2*i + 12 + 2. Is i prime?
True
Is (-2)/6*(-144 + -3) a composite number?
True
Suppose -2*a + 4*r = -374, 0 = 2*a - 6*a - 4*r + 736. Is a a prime number?
False
Let d = 21 - -14. Is d a prime number?
False
Let u(s) = -s**3 - s + 1. Let l(m) = 3*m**3 - 9*m**2 - 7*m - 8. Let q(h) = -l(h) - 4*u(h). Is q(-7) prime?
False
Let l(x) = x**2 + 16*x + 8. Let p be l(-9). Let i be 61/3*(-7 + 1). Let k = p - i. Is k composite?
False
Let t(x) = -x**3 - 2*x**2 - 2. Let y be t(-3). Suppose 105 = -4*o + y*o. Is o a composite number?
True
Suppose x + 5*h - 15 = -0*h, 2*x = -2*h + 14. Suppose -4*k + x*u = -1143, 3*k - 2*k = 5*u + 282. Is k prime?
False
Suppose w = 3*w + t, 0 = -3*w - t. Suppose -a + 2*v + 238 = w, -3*v = -2*a - 8*v + 485. Let o = 491 - a. Is o prime?
True
Suppose 0 = j - 5. Suppose 5*a = j*q + a - 71, -q = -3*a - 12. Is q a composite number?
True
Suppose -3*b + 4*b - 53 = 0. Is b prime?
True
Let z(m) be the third derivative of 2*m**5/5 - m**4/24 - 5*m**3/6 - 7*m**2. Is z(6) prime?
True
Suppose c + 196 = 5*c. Is c prime?
False
Suppose 2*k + 3*k - 745 = 0. Is k a prime number?
True
Let s(a) = -a**2 - 4*a + 7. Let g be s(-6). Let z = 9 - g. Is (z/(-6))/(2/(-66)) a composite number?
True
Let c(m) be the second derivative of -13*m**3/6 + 5*m**2 - m. Is c(-9) a composite number?
False
Let s(a) = -113*a**3 + a**2 + 3*a + 5. Is s(-2) prime?
True
Let n = 131 + 80. Is n prime?
True
Suppose 4*g + 2*x - 10 = -x, -x + 7 = 5*g. Is (-22)/(g/(5/(-2))) a composite number?
True
Suppose 4*a - 2 - 2 = 0, -3*p = 3*a. Let i = 8 - p. Is i composite?
True
Suppose -5*t = -0*t - 185. Is t prime?
True
Let m = 0 + -1. Let z = m + 0. Is (89/2)/(z/(-2)) a prime number?
True
Let d = 24 + -17. Let k(t) = -t**3 + 11*t**2 - 6*t + 9. Is k(d) a prime number?
True
Let g be 0 + 2 - 0/(-2). Suppose -g*s + 1009 = -97. Is s prime?
False
Let x = 1154 - -401. Is x a prime number?
False
Suppose -5*i + 7*b = 4*b - 553, i - 5*b = 93. Is i composite?
False
Let m(s) = s**2 - 3*s + 1. Let j(x) = 2*x**2 - 10*x + 3. Let i(a) = -2*j(a) + 7*m(a). Is i(5) composite?
False
Suppose 4*p - 2*n - 5 = 1, 2*p + 2 = 2*n. Let h be (-111)/(-15) + 2/(-5). Suppose -h = 3*u - p*u. Is u composite?
False
Suppose 2*z + z = 2703. Is z a prime number?
False
Let r(l) = -176*l**3 + l + 3. Is r(-2) prime?
True
Let y(r) = -24*r - 2. Let s(m) = -25*m - 1. Let n(a) = 3*s(a) - 4*y(a). Is n(4) a composite number?
False
Is (2 - 3)*-11*7 a composite number?
True
Let t(p) = 216*p**2 - 2. Is t(-2) a composite number?
True
Let q(o) be the second derivative of o**5/4 - o**4/4 + o**3/3 - o**2/2 - 2*o. Let i be q(2). Let r = 6 + i. Is r composite?
False
Let b(k) = -k**2 - 16*k + 10. Is b(-12) composite?
True
Suppose -1693 = -3*k + 4*w, -2*k + 764 = 4*w - 398. Is k a composite number?
False
Let j = -2 + 0. Suppose 3*z - 4*z = 0. Is (2 - z) + j - -31 a composite number?
False
Let u = 1 + -6. Let h(w) = 9*w + 3*w**2 + 5 - 4*w + 0. Is h(u) composite?
True
Let o = 15 - 4. Suppose 4*w = o + 1. Let r(d) = d + 4. Is r(w) prime?
True
Suppose -n + 567 = -166. Is n a composite number?
False
Let y(o) = -o**2 + 10*o - 4. Let z(m) = m - 1. Let k(n) = -y(n) + 5*z(n). Let h be k(6). Suppose -10 = -h*i, 3*w - 2*w + 3*i - 95 = 0. Is w a composite number?
False
Suppose -3*c + 3508 = c. Is c a composite number?
False
Suppose -k - 3*k + 2*g + 336 = 0, -4*g - 162 = -2*k. Is k a composite number?
True
Let c = -13 - -19. Suppose 5*x - c = 3*x. Is x a prime number?
True
Let d(a) = -a - 9. Suppose 5*n = -0*n - 45. Let q be d(n). Suppose 5*x - 2*x - 99 = q. Is x a composite number?
True
Let t(s) = 89*s - 3. Is t(10) prime?
True
Let k be (-1)/(-4) + (-15)/(-4). Suppose 0 = 4*h + h + 3*q - 480, -4*q = 4*h - 376. Suppose k*o + h = 3*i - 20, -i - o + 35 = 0. Is i a composite number?
False
Suppose -4*x + 5*m = 4, -5*m + 3*m = -2*x - 4. Let y(o) = o**3 + 7*o**2 - 10*o - 7. Is y(x) a prime number?
True
Let h = 726 - -37. Is h composite?
True
Let r(k) = k**3 - 2*k**2 - 3*k + 2. Let z be r(3). Suppose z*v - 92 = -2*v. Is v a composite number?
False
Suppose 2*l = 11 + 5. Suppose 2*t - 2 = l. Suppose -110 = -0*z - t*z. Is z a composite n